4 - (-33)/(-22)) + (4129 - 0).
4127
What are the prime factors of (3 + (-11 - 6))*11719*(-2)/4?
7, 11719
Let v be 4 + (40/5 - 11). List the prime factors of (4/(-2) - v) + -17 + 53.
3, 11
Let q(h) = h**3 - 44*h**2 - 258*h + 60. What are the prime factors of q(52)?
2, 2069
Suppose 0 = -11*d + 1773 + 1549. Let p = d + -30. Suppose p = 6*g - 610. List the prime factors of g.
3, 7
Suppose 24529 = 12*m - 1247. What are the prime factors of m?
2, 3, 179
Let v be (9/(180/296))/((-2)/(-280)). Suppose -54*t + 50*t + v = 0. What are the prime factors of t?
2, 7, 37
Suppose -36*d = -35*d - 2124. Let m = 3090 - d. List the prime factors of m.
2, 3, 7, 23
Suppose 3 = -3*y, -87*y = -2*a - 85*y + 1912. What are the prime factors of a?
5, 191
Suppose 4*t + 8*w - 944 = 11*w, -w + 721 = 3*t. Let q = -163 + t. List the prime factors of q.
2, 19
Suppose 11*s + 23921 = -25755. What are the prime factors of s*((-2)/(-24) - 27/81)?
1129
Let p(m) = 9*m**2 + 95*m + 1958. What are the prime factors of p(-49)?
2, 3, 197
Let b(g) = 494*g**2 + 8*g - 30. List the prime factors of b(4).
2, 59, 67
Suppose -27*n + 22*n + 20 = 0. Let g(f) = -5*f + 20. Let r be g(n). Let j = r - -62. What are the prime factors of j?
2, 31
List the prime factors of ((-5782)/(-5))/((-552)/(-9660)).
7, 59
Suppose -12*s = -729 - 7455. Let p = s + 89. List the prime factors of p.
3, 257
Let a(r) = -15*r + 80. Let i be a(8). What are the prime factors of (i/(-15) + -5)*(-6)/1?
2, 7
Let s = 451 + -454. Let k(a) = -43*a**3 - 3*a**2 + 4*a - 6. List the prime factors of k(s).
2, 3, 31
Let i(z) = 507*z + 1367. List the prime factors of i(7).
2, 1229
Let m = 126 + -123. Suppose -10*a = -4*l - m*a + 4373, 2*l = 4*a + 2186. List the prime factors of l.
3, 5, 73
Let y = 13247 + -1839. What are the prime factors of y?
2, 23, 31
List the prime factors of ((-12)/5)/(114/(-380)) + 15266.
2, 7, 1091
Let p(d) = -38*d**3 + 312*d**2 + 3259*d + 2. What are the prime factors of p(-10)?
2, 3, 113
Let x = 58 + -11. Suppose 44*a - x*a = 4*r - 3072, 2*a + 8 = 0. List the prime factors of r.
3, 257
Let i = -37016 + 63855. What are the prime factors of i?
26839
Suppose -5*j + 21 = -2*w, j + 2*w - 4 = 5. Suppose 0 = j*f + 10. List the prime factors of (f + -20 + 8)/((-2)/34).
2, 7, 17
What are the prime factors of 22 + (-4 - -5411) + 0?
61, 89
Let c(g) = 24*g**3 + 6*g**2 + 13*g + 6. Let j be c(-3). Let a = -335 - j. List the prime factors of a.
2, 73
Let w(q) = q**3 + 7*q**2 + 2*q - 2. Let d be w(-5). Suppose -11*z = -19*z + 592. Let v = z - d. List the prime factors of v.
2, 3
Let h = -6044 + 9678. Suppose 4764 + h = 17*f. What are the prime factors of f?
2, 13, 19
Suppose -2*j - 61 - 210 = -h, 6 = -2*j. Let k = h - 90. List the prime factors of k.
5, 7
Let m be 1 + 1 + (99/9 - -4). Suppose 4*a = -15*f + m*f - 1740, 0 = -a - 5. What are the prime factors of f?
2, 5, 43
Suppose 195*z = 141*z + 1120672 + 127700. List the prime factors of z.
2, 3, 3853
Suppose z = -2*a - 6, a = 3*z + 2*a + 3. List the prime factors of (z - 0) + -4 - -219.
5, 43
Let u(l) = 561*l - 1150. What are the prime factors of u(22)?
2, 1399
Let q(k) be the second derivative of 74*k**3/3 - 63*k**2/2 + 2*k - 6. What are the prime factors of q(2)?
233
Suppose 2*u = -b + 3*b, -4*u - b = -15. Let w(o) = -6 + 11 - 6 + 4*o - u. List the prime factors of w(7).
2, 3
Let h(j) = -1238*j - 5004. What are the prime factors of h(-20)?
2, 11, 449
Suppose 11*g + 18 + 15 = 0. What are the prime factors of (-2176)/g + (-64)/(-96)?
2, 3, 11
Suppose -5*n + 16 = -4. Suppose -p - 60 = -n*y + 4*p, -4*y = -4*p - 56. What are the prime factors of y?
2, 5
Suppose 2*g + g - 4*u = 181, -4*u = 16. Let y(m) = -14*m + 2. Let a be y(2). Let h = a + g. List the prime factors of h.
29
Suppose 5*z = 2*v + 19, 3*v - 4*v + 3*z - 11 = 0. Let r = 1 + v. Let w = 32 + r. What are the prime factors of w?
31
Suppose 2*h + 2*n - 143840 = 0, -67*n = -2*h - 73*n + 143856. What are the prime factors of h?
2, 3, 13, 461
Suppose 0 = -2*q + 28 - 24. Let h be q/(-4) + (462/12 - 4). Suppose 20*r - h = 18*r. What are the prime factors of r?
17
Suppose -p = p - 782. What are the prime factors of 0/9 + 0 + p?
17, 23
Let q(g) = 118*g**2 + 13*g + 11. What are the prime factors of q(-2)?
457
Suppose 3*r + 1533 = x + 9441, -2*x = -4*r + 10544. What are the prime factors of r?
2, 659
Let r(j) = -8*j - 56 + 24*j + 17 + 12*j. Let m be r(9). Let l = -128 + m. What are the prime factors of l?
5, 17
Let x = 24739 - 16157. What are the prime factors of x?
2, 7, 613
Let t(b) = -b**3 - b**2 - 4*b - 3. Let a be -6 + (3 - -1) - 6. What are the prime factors of t(a)?
3, 53
Suppose -20*z + 10447 + 5953 = 0. Suppose 2*b - 3*a = 461, -3*b - 4*a + z = 154. What are the prime factors of b?
2, 113
Let k = 44 - 44. Suppose -2*m - 64 + 322 = k. List the prime factors of m.
3, 43
Let f(l) = 5*l - 134. Let v be f(32). Let u = v + 160. What are the prime factors of u?
2, 3, 31
Let y(g) = 3*g**2 + 7*g - 72. Let q be y(-15). List the prime factors of q/((-30)/(-15) - (-2 - -2)).
3, 83
Let q(b) = b**3 + 16*b**2 + 7*b + 56. Let h be q(-16). Let y(f) = -63*f**3 + f**2 - f - 1. Let i be y(-1). Let z = i - h. What are the prime factors of z?
2, 3, 5
Let k = -368 + 371. List the prime factors of ((-835)/k)/(50/(-150)).
5, 167
Suppose 15*l - 131 + 86 = 0. Suppose 4*m = 285 + 103. Suppose 4*y = -l*a + 263, 5*y - 6*y = -a + m. What are the prime factors of a?
3, 31
Let b(a) = -a + 69. Suppose g - 68 + 62 = 0. Let y be b(g). Suppose 8*t = y + 1017. What are the prime factors of t?
3, 5
Suppose -11*d = 10*d - 293159 - 9808. What are the prime factors of d?
3, 7, 229
Suppose 13*z - 22*z = 31*z - 732240. What are the prime factors of z?
2, 3, 113
Suppose -13*m + 5187 = 6*m. Let h = m + -104. Suppose -3*t - h = -526. List the prime factors of t.
7, 17
Suppose 5*k + 3*t = -8767 + 2661, t - 2449 = 2*k. Let g = -854 - k. Let q = -215 + g. What are the prime factors of q?
2, 7, 11
Suppose -16351*v = -16328*v - 488612. What are the prime factors of v?
2, 47, 113
Let x(g) = -9*g + 6. Let m be x(2). Let f be 6/m*(1 - 101). Suppose 3*j - 316 = -2*k - f, -485 = -5*j + 5*k. List the prime factors of j.
2, 23
Let h(q) = 9*q**2 - 29*q - 2. Let a be h(11). Suppose 9*k - 2*m = 12*k - 2315, -3*m - a = -k. What are the prime factors of k?
3, 257
Let z(w) = -17*w**2 + 261*w**3 - 260*w**3 - 14 + w + 18*w + 35. Let h be z(16). What are the prime factors of (8/(-12))/((-1)/h)?
2, 23
Let h = 243 - 240. Suppose b = -2*a + 1104, h*a + 4*b + 288 = 1939. What are the prime factors of a?
7, 79
Let m(f) = -27*f**3 - 58*f - 39. List the prime factors of m(-7).
2, 29, 83
Let a = 12874 + -4942. List the prime factors of a.
2, 3, 661
Suppose -6031 = 5*b + 4*h, -3*b - 3*h - 1139 - 2479 = 0. Let x = 1950 + b. List the prime factors of x.
743
Let i(w) = 4*w - 11. Let q(s) = -1. Let k(z) = 2*i(z) - 18*q(z). Let o(t) = -32*t + 17. Let b(v) = 26*k(v) + 6*o(v). List the prime factors of b(6).
2, 47
Suppose 5*u - 20 = 0, 2*u - 63934 = -5*q + 53964. List the prime factors of q.
2, 11789
Let z(q) be the first derivative of -q**2 + 2*q + 14. Let f be z(0). Suppose 0 = -f*v + i + 69, 4 = 4*i + 16. What are the prime factors of v?
3, 11
Let y(q) be the third derivative of 2*q**5/15 + q**4/8 + 2*q**3/3 - 25*q**2. Let t be y(4). Let z = t + -96. What are the prime factors of z?
2, 3
Suppose -d - 3*d - 4*z + 52 = 0, 0 = -z. What are the prime factors of d/117 + (-3992)/(-36)?
3, 37
List the prime factors of 2 + -2 - 2 - -2290 - (-3 - 1).
2, 3, 191
Suppose 0 = 5*v + 3*g + 2*g - 15, -5*v - g = -11. Suppose 5*i - 3613 = v*c, 0*c = 3*i - c - 2167. List the prime factors of i.
7, 103
Suppose 3*a - 48 = a. Let s(w) = 46*w - 41 - a*w - 17*w. List the prime factors of s(16).
3, 13
Suppose -4*p = -8*p + 244. Suppose -p = h + 2*c, -h - c = 52 + 7. Let a = -18 - h. What are the prime factors of a?
3, 13
Let v(p) = -p**2 - 6*p + 1. Suppose -4*q = -3*t, 2*t + 11 = -2*q + q. Let r be (t/4 - 3) + -1. List the prime factors of v(r).
2, 3
Suppose -56*r + 123*r - 55*r - 232464 = 0. What are the prime factors of r?
2, 29, 167
Suppose -4 = 5*z + 3*x, 0*z + x = -z. What are the prime factors of 5/z + 1887/6?
2, 3, 13
Suppose 90909 = 558*i - 555*i. List the prime factors of i.
3, 7, 13, 37
Let z(t) = 1677*t - 1020